4?
48
What is the greatest common factor of 2391311 and 377?
377
What is the greatest common divisor of 913427 and 2533?
17
What is the highest common divisor of 7956 and 2435823?
117
Calculate the highest common divisor of 3136 and 1857344.
64
What is the highest common divisor of 190162 and 755854?
1598
What is the highest common divisor of 20513512 and 16?
8
Calculate the highest common factor of 1710 and 256625685.
855
What is the greatest common factor of 522 and 1357407408?
174
Calculate the greatest common factor of 11017 and 296539.
23
Calculate the greatest common factor of 455328 and 679860.
108
Calculate the highest common divisor of 28647232 and 448.
64
Calculate the highest common divisor of 566 and 2065051.
283
What is the highest common factor of 147796 and 372?
4
Calculate the greatest common factor of 1264 and 343156.
4
What is the highest common factor of 16 and 11131918?
2
What is the greatest common factor of 1760543 and 68203?
283
What is the highest common factor of 464623 and 3772?
23
What is the highest common divisor of 84 and 7019124?
84
What is the greatest common factor of 246960 and 8980965?
2205
Calculate the highest common divisor of 11564 and 1078.
98
Calculate the highest common factor of 42388770 and 8970.
690
Calculate the highest common divisor of 2357544 and 376.
8
What is the highest common factor of 3962 and 102816730?
566
What is the highest common divisor of 14784 and 99309?
21
What is the highest common factor of 1140 and 279780?
60
Calculate the highest common factor of 3437 and 55139.
7
What is the greatest common divisor of 365280 and 33360?
240
What is the highest common factor of 7136 and 7730072?
1784
What is the highest common factor of 324 and 46058868?
324
What is the greatest common factor of 9010 and 78811?
53
What is the greatest common divisor of 27834001 and 91?
13
Calculate the greatest common factor of 1243 and 11121347.
113
Calculate the greatest common divisor of 67 and 267664531.
67
Calculate the greatest common divisor of 6528 and 1591264.
32
Calculate the highest common divisor of 35428 and 19176.
68
What is the greatest common divisor of 7784598 and 66?
6
What is the highest common divisor of 13 and 224311503?
13
What is the highest common factor of 7187697 and 45441?
2673
Calculate the greatest common divisor of 9312564 and 132.
12
Calculate the greatest common factor of 6081823 and 1452.
121
Calculate the greatest common factor of 719298 and 18868.
178
Calculate the greatest common divisor of 11602024 and 11424.
952
What is the highest common divisor of 44748 and 28298138?
2486
Calculate the highest common divisor of 877268 and 31428.
388
Calculate the greatest common factor of 8393 and 22464827.
77
Calculate the highest common factor of 270918 and 157776.
1038
What is the greatest common factor of 5863359 and 6984?
291
Calculate the greatest common divisor of 5 and 433985.
5
Calculate the highest common divisor of 2590 and 45225470.
370
What is the highest common factor of 4678499 and 391?
23
What is the highest common divisor of 371250 and 156222?
594
Calculate the greatest common divisor of 17152386 and 14208.
222
Calculate the greatest common factor of 2430 and 37584810.
2430
What is the greatest common factor of 1782 and 4423815?
891
What is the greatest common divisor of 37254 and 824023?
887
What is the greatest common factor of 1490 and 214580?
10
Calculate the highest common divisor of 109475 and 715.
5
What is the greatest common factor of 244597647 and 42?
21
What is the highest common factor of 11 and 735408135?
11
Calculate the highest common factor of 96859 and 11825989.
707
Calculate the highest common divisor of 1870 and 19138685.
85
Calculate the greatest common divisor of 21043 and 66055.
11
Calculate the greatest common factor of 128184 and 5292.
588
What is the highest common factor of 1710 and 1465174170?
1710
What is the highest common divisor of 154299005 and 155890?
4585
Calculate the greatest common divisor of 1257 and 166142718.
1257
What is the greatest common factor of 5677730 and 3160?
790
What is the greatest common divisor of 41085 and 3858255?
3735
What is the greatest common divisor of 89 and 47224735?
89
What is the highest common factor of 1296915 and 480?
15
What is the highest common factor of 21619 and 8086?
13
What is the highest common divisor of 991917666 and 51?
51
What is the greatest common divisor of 6704 and 625567?
419
What is the highest common divisor of 2764 and 1446376?
4
What is the highest common divisor of 42450 and 9450?
150
Calculate the highest common divisor of 1386266 and 64491.
581
Calculate the highest common divisor of 19361572 and 1037.
17
Calculate the greatest common factor of 84 and 4434476.
4
What is the greatest common divisor of 1074 and 14884029?
537
Calculate the greatest common factor of 506 and 24723919.
253
Calculate the greatest common divisor of 141 and 8516447.
47
Calculate the greatest common divisor of 127 and 20193889.
127
What is the greatest common factor of 78 and 1368068?
26
Calculate the highest common divisor of 31520 and 976135.
985
What is the greatest common divisor of 180 and 2181948?
12
Calculate the highest common divisor of 4704 and 192416.
224
Calculate the greatest common divisor of 1437913809 and 81.
27
Calculate the highest common factor of 65917136 and 112.
16
What is the highest common factor of 22689454 and 506?
46
What is the greatest common factor of 1927 and 333653?
47
Calculate the greatest common divisor of 2216 and 2298269.
277
What is the highest common divisor of 52 and 16900884?
52
Calculate the greatest common divisor of 373062942 and 378.
378
What is the highest common factor of 85492 and 825572?
1276
Calculate the greatest common factor of 500 and 2574940.
20
What is the greatest common factor of 55796827 and 52210?
5221
What is the highest common factor of 572 and 585717?
11
Calculate the highest common factor of 610 and 311440.
10
What is the greatest common divisor of 435 and 20061895?
5
Calculate the greatest common factor of 35137338 and 17646.
1038
What is the highest common divisor of 145751 and 4163?
23
Calculate the greatest common divisor of 46207 and 4623.
23
What is the greatest common divisor of 26500296 and 8?
8
What is the greatest common factor of 36229214 and 56?
14
Calculate the highest common factor of 8758701 and 4149.
9
What is the highest common factor of 736 and 12480536?
184
Calculate the greatest common divisor of 2135801 and 283.
283
Calculate the highest common divisor of 1228 and 87093444.
1228
Calculate the highest common factor of 875 and 86793.
7
What is the highest common factor of 235329735 and 45?
15
Calculate the highest common divisor of 1186 and 1095215258.
1186
Calculate the highest common factor of 1308 and 19337581.
109
What is the highest common divisor of 780860640 and 210?
210
Calculate the greatest common divisor of 147908672 and 1117.
1117
Calculate the greatest common divisor of 1405 and 177489435.
1405
What is the greatest common divisor of 272 and 2884880?
16
Calculate the highest common factor of 936 and 5019144.
312
What is the greatest common factor of 122097695 and 12195?
1355
Calculate the greatest common divisor of 26726217 and 24206.
931
Calculate the greatest common factor of 20501 and 46630313.
1577
What is the highest common divisor of 6620 and 423239770?
3310
Calculate the greatest common factor of 52921 and 10157719.
3113
Calculate the greatest common factor of 744 and 34980648.
744
Calculate the greatest common factor of 1620 and 2817046350.
810
Calculate the greatest common divisor of 47129029 and 1137.
379
Calculate the highest common factor of 7401226 and 70.
14
Calculate the highest common divisor of 49056 and 7005810.
3066
What is the greatest common factor of 2866962 and 42?
42
Calculate the highest common factor of 33 and 2704803.
3
Calculate the greatest common factor of 1960 and 3458680.
40
Calculate the highest common factor of 2360 and 270590.
10
Calculate the greatest common factor of 3152606 and 5487.
59
What is the greatest common divisor of 540565 and 50735?
365
Calculate the greatest common factor of 2704 and 259311.
13
Calculate the greatest common factor of 9264 and 57144.
24
What is th